 + 17. Suppose -4*z - 3 = -k*z. Suppose z*q = -3*g + 18, -3*q + 6 = -8*q + 4*g. What is the units digit of q?
2
Let q = 5 + 4. Suppose 0 = -4*f + 3 + q. What is the units digit of f?
3
Let n(m) = 1 + 32*m - 30*m + 5*m**2 - 3*m**2. What is the units digit of n(-1)?
1
Let s = -316 + 521. What is the tens digit of s?
0
Suppose -5*d = -5*v - 35, 3*d - 22 = 5*v - 9. Let t(j) = 2*j + 3 - 4 - d. What is the tens digit of t(11)?
1
Suppose -3*s + w + 7 = 0, 5*w - 25 = -5*s - 0*w. Suppose s*q + 4*l = -0*l - 66, -q = 4*l + 30. What is the units digit of (-4)/18 + (-76)/q?
4
Let h(a) = a**3 + 6*a**2 - a - 7. Let i be h(-6). Let t = 6 - i. What is the units digit of t?
7
Suppose -3*k - 11 = -4*j, -2*k - 4*j = 3*k + 61. Suppose -4*g - 2*b - 72 = 0, 5*g + 26 = 3*g + 4*b. Let t = k - g. What is the units digit of t?
8
Let w(n) = n**2 + 2*n + 3. Let u(g) = -g + 3. Let d be u(-3). Let a = 4 - d. What is the units digit of w(a)?
3
Let d(i) = -3*i. Let n be d(2). Let p = 6 - n. Suppose -3*g + 0 = -p. What is the units digit of g?
4
Let v(j) = -j**2 - 21*j - 1. What is the units digit of v(-10)?
9
Let j = 3 - 4. Let b be 2 - 1 - 0 - j. What is the units digit of 3*(b - 4/(-6))?
8
Let u(h) = -2*h - 6. Let z be u(-5). Let o = z + -2. Suppose o*c - 6 = -4*n + 4*c, -n + 3 = c. What is the units digit of n?
2
Suppose -3*r = -g + 59, 5*g + 173 - 438 = 5*r. What is the tens digit of g?
5
Suppose -d + 11 - 4 = 0. Let l(s) = 10 - s - 2*s + 2*s. What is the units digit of l(d)?
3
Let o(c) = -c**3 - 7*c**2 - c - 5. Let y be o(-7). Suppose 5*p - 22 - y = r, 3*r = -3*p. What is the units digit of p?
4
What is the units digit of (-840)/16*(-1 + -1)?
5
Let z = -9 + 21. Let k be z - (-1)/(-3)*3. Suppose 7 + k = 3*g. What is the units digit of g?
6
Suppose -h + 4*h = 12. What is the units digit of 8/(-7 + 3) + h?
2
Let y = -5 + -11. What is the units digit of (-30)/(-4)*y/(-10)?
2
Let g be (8/(-10))/((-8)/60). Suppose 5*f - 9 = g. What is the units digit of f?
3
Let p(n) = -n**3 + 9*n**2 - 9*n + 5. Let i be p(8). Let f = 6 - i. What is the units digit of f?
9
Suppose -4*j = 4*a - 76, -2*j - 12 = -4*a + 58. What is the tens digit of a?
1
Suppose 3*d - 3*m = 3, d - 3*m = -0*d - 1. Let k = -10 + d. Let t = k - -10. What is the units digit of t?
2
Let p(k) = 14*k - 10. What is the units digit of p(3)?
2
Let z = -9 + 19. Let y(n) = -z + 0*n + 4*n + 8*n**2 + n + n**3. What is the units digit of y(-7)?
4
Let c(x) = x**2 + 1. Let z(i) = 6*i**2 - 7*i - 1. Let o(d) = -5*c(d) + z(d). What is the tens digit of o(9)?
1
Let h be (-2 - -1)/(2 + -1). Suppose 36 = -6*t + 3*t. What is the units digit of (h/(-2))/((-1)/t)?
6
Let r = 87 + -73. What is the tens digit of r?
1
Let z be -2 - -1 - 6/(-3). Let p = 9 - z. What is the units digit of p?
8
Let d(g) = 9*g**2 + 13*g + 6. Let x(i) = 7*i**2 + 2*i - 6*i - 12*i**2 - 3 - 3*i. Let s(t) = 3*d(t) + 5*x(t). What is the tens digit of s(-4)?
1
Let r = -16 - -42. Let h = r + -8. What is the tens digit of h?
1
Suppose -4*r = -r. Suppose 3*n + r = 3. What is the units digit of n?
1
Suppose 0 = -5*i - 6 + 21. Suppose 4*l = i*u - l - 52, -3*l + 64 = 5*u. Suppose 5*x + u = -y - 5, -5*y + 5*x = -55. What is the units digit of y?
6
What is the tens digit of -60*(36/20 + -3)?
7
Let s(h) = 2*h**3 - h**2 + 2. Let k be s(-2). What is the units digit of (k/(-3))/(1 - 0)?
6
Let w be ((-8)/(-10))/(2/5). Suppose 3*v - w*v - 1 = 0. What is the units digit of v?
1
Let n(q) = q**2 - 7*q - 5. Let j be n(8). Suppose 4*h + 3*g - 36 = 33, 0 = -3*h + j*g + 36. What is the units digit of h?
5
Let q be 0 + (0 - 1)/(-1). Let k = 10 - q. What is the units digit of k?
9
Let x be (-1)/(1 + 4/(-3)). Suppose 0 = -d + x + 7. Suppose 5*t = -d + 85. What is the tens digit of t?
1
Let q(g) = g + 13. Let u be q(-7). What is the units digit of 285/20*16/u?
8
Let p(s) = 9*s. Let u be p(-1). Let q = 0 + u. Let g(o) = o + 13. What is the units digit of g(q)?
4
Suppose -h = -5*h + 64. Suppose -7*r + 3*r = -h. Suppose -r*q = 4*l - 8, q + 0 + 1 = 2*l. What is the units digit of l?
1
Let x(j) = -j**2 + 4*j + 7. Let o be x(5). Suppose -2*u - o*n = 2*n - 4, -n = 0. What is the units digit of u?
2
Suppose -7 = -2*g + 9. Let v(h) = 5*h - 27. Let c be v(6). Suppose f = c*f - g. What is the units digit of f?
4
What is the hundreds digit of 96*4/3 + -2?
1
Let l = 4 + -3. Let t = 2 + l. What is the units digit of t?
3
Let n(s) = -4*s - 4. Let d be n(-13). Let g = 81 - d. What is the units digit of g?
3
Let j(g) = 16*g**3 - g**2 + 1. Suppose -6 + 0 = -3*s - 3*t, 5*s + t = 6. What is the units digit of j(s)?
6
Suppose 0 = 5*z - 35 - 115. What is the units digit of z?
0
Let v be 0/2 + -3 + 5. What is the tens digit of v/((-29)/10 - -3)?
2
Let q(i) = -3*i**3 + 3*i - 5 + 8*i**2 + 2*i**3 - 2*i. Let z be q(8). What is the units digit of ((-4)/(-10))/(z/45)?
6
Let m be 5/(0 + -1 + 0). Let o(i) = 3*i**2 + 9*i - 11. Let h(s) = -4*s**2 - 9*s + 11. Let n(g) = m*o(g) - 4*h(g). What is the units digit of n(8)?
3
Let i(g) = g**3 - 2*g**2 - 3*g - 2. Let k be i(3). Let v = 5 + k. What is the units digit of (-1 - -8)/(v/3)?
7
Let g = 34 + -15. What is the units digit of g?
9
Suppose y = 56 + 11. What is the tens digit of y?
6
Suppose 5*p - p = 20. Suppose -29 + 134 = p*d. Suppose -q + d = 2*q. What is the units digit of q?
7
What is the tens digit of (-69)/6*-4 - -3?
4
Let w be 20*(2 - (-366)/(-15)). What is the units digit of (-4)/7 + w/(-98)?
4
Suppose -3*v - 4*c = 2*v - 4, -v - 4 = 2*c. Suppose 0 = 3*d - v*a - 48, -2*d - 2*d - 2*a = -64. What is the tens digit of d?
1
Suppose 1140 = 7*i - 2*i. What is the units digit of i?
8
Let y(b) = -5*b**3 - 9*b**2 + 2. Let f(h) = 4*h**3 + 9*h**2 + h - 2. Let w(m) = -6*f(m) - 5*y(m). What is the tens digit of w(10)?
4
Let i(y) = -y**2 - 4*y + 4. Let r be i(-5). Let b = 15 - r. What is the units digit of b?
6
Let r be (-2)/(-6) - (-4)/6. Let t(w) = 5*w**2. Let b be t(1). Suppose b*q - r = 19. What is the units digit of q?
4
Suppose 12 = 4*n - 2*d, -3*n - 2*d + 2 + 7 = 0. What is the units digit of n?
3
Suppose 813 = 4*x + 49. What is the tens digit of x?
9
Suppose 0 = -0*v + 3*v - 108. Suppose -v = -i + 10. Suppose -4*l - 150 + 46 = -4*m, 3*m - i = -5*l. What is the units digit of m?
2
What is the tens digit of 63*-3*4/(-36)?
2
Let d be (-47)/(-4) + 3/(-4). Suppose 5*n - f + 1 = d, n - 3*f - 2 = 0. What is the units digit of 4 - n - (-8 + 2)?
8
Suppose 2*p - 16 = -198. Let v = 127 + p. Suppose w + 6 = -4*x, -v = -4*w + 2*x - 6*x. What is the units digit of w?
4
Suppose 2*l - 5*n = -2*l - 13, 2*n = 10. Suppose -2*y = -y - 7. Suppose -l*f = -y - 32. What is the tens digit of f?
1
Suppose -5*w + 208 = 13. What is the units digit of w?
9
Suppose -10 - 10 = -4*g. Suppose -2*w + 5*s - 9 = 0, -3*w = -0*w - 5*s + 1. Suppose -g*x + w*x = 45. What is the units digit of x?
5
Suppose -35 = -3*h - 14. Suppose -6*u = -u - 140. Suppose -3*z - h + u = 0. What is the units digit of z?
7
Suppose 5*m = -4*c - 32 + 197, 3*m = -c + 99. What is the units digit of m?
3
Suppose 11*m = 8*m + 171. What is the tens digit of m?
5
Let g(p) = -2*p - 1. Let v be g(-1). Let c be 3/(-4)*12/3. What is the units digit of (-7 - c)/(v/(-2))?
8
Let f be (-5)/(-2)*(-8)/10. Let p(v) = 8*v**2 + 4*v + 3. What is the tens digit of p(f)?
2
What is the units digit of 66 - 0*(-4)/8?
6
Let k(b) = 3*b**2 - 4*b - 4. Let y be k(6). Let d = y + -46. What is the units digit of d?
4
Let o(v) = v**2 + 5*v - 3. Let p be o(-6). Suppose -3*a - p = -18. Suppose h - 2*h = -5*k + a, -4*k - 18 = -3*h. What is the tens digit of h?
1
Suppose 0 = -4*m - y + 560, 5*m - 629 = -5*y + 86. What is the units digit of m?
9
Let x = -7 - -9. What is the tens digit of x/(-3) - (-35)/3?
1
Let k(t) = -t - 3. Let c be k(-3). Suppose -4*r + 0 + 24 = c. What is the units digit of r?
6
Suppose 0 = -4*m, -3*m - 20 + 0 = -4*b. Suppose -45 = b*y - 160. What is the units digit of y?
3
Suppose 0 = y - 0*y - 4. Suppose -4*u = y*p - 4, 7*p = -u + 3*p - 2. What is the units digit of u?
2
Let x = 268 + -127. What is the hundreds digit of x?
1
Let v(o) = -o - 3. Let t be v(-8). What is the units digit of 12/(-20) - (-93)/t?
8
Let w(s) = -s**3 - 9*s**2 - 11*s + 5. What is the tens digit of w(-9)?
0
Let w = 12 - 3. Suppose -4*a - 18 = 2*a. Let q = w - a. What is the tens 